{"id":86,"date":"2023-12-04T08:17:46","date_gmt":"2023-12-04T08:17:46","guid":{"rendered":"https:\/\/ur.reigenn.sorbonne-universite.fr\/?page_id=86"},"modified":"2024-11-14T14:50:11","modified_gmt":"2024-11-14T14:50:11","slug":"etudes-allemandes-et-autrichiennes","status":"publish","type":"page","link":"https:\/\/reigenn.sorbonne-universite.fr\/?page_id=86","title":{"rendered":"\u00c9tudes allemandes et autrichiennes"},"content":{"rendered":"\n<h2 class=\"wp-block-heading\">\u00c9tudes allemandes et autrichiennes<\/h2>\n\n\n\n<p><\/p>\n\n\n\n<div class=\"wp-block-columns is-layout-flex wp-container-core-columns-is-layout-9d6595d7 wp-block-columns-is-layout-flex\">\n<div class=\"wp-block-column is-layout-flow wp-block-column-is-layout-flow\" style=\"flex-basis:66.66%\">\n<p>Les \u00e9tudes allemandes se subdivisent en trois axes principaux. Le premier privil\u00e9gie les repr\u00e9sentations de type artistique et spectaculaire (th\u00e9\u00e2tre, musique et op\u00e9ra, danse et ballet, iconographie) et leur rapport avec l&rsquo;identit\u00e9 allemande ou germanique, hier et aujourd&rsquo;hui. La question de la plurim\u00e9dialit\u00e9 et des syst\u00e8mes s\u00e9miotiques est au c\u0153ur des r\u00e9flexions. Le second axe se penche sur l&rsquo;histoire des id\u00e9es et les transferts culturels intervenus entre l&rsquo;espace germanique et les espaces adjacents, la France en particulier, mais aussi avec l&rsquo;espace nordique, en accordant une importance particuli\u00e8re aux mouvements de recomposition identitaire ayant affect\u00e9 les soci\u00e9t\u00e9s, les savoirs et les cultures. Le troisi\u00e8me axe \u00e9tudie les modalit\u00e9s de constitution d&rsquo;une identit\u00e9 litt\u00e9raire et po\u00e9tique ayant marqu\u00e9 les espaces allemand et autrichien de la Renaissance au XXe si\u00e8cle, \u00e0 travers notamment les ph\u00e9nom\u00e8nes de r\u00e9ception, de m\u00e9diation et de th\u00e9orisation, tout en accueillant une r\u00e9flexion sur le ph\u00e9nom\u00e8ne actuel de \u00ab Weltliteratur \u00bb et sur les \u00e9tudes de \u00ab genre \u00bb.<\/p>\n<\/div>\n\n\n\n<div class=\"wp-block-column is-layout-flow wp-block-column-is-layout-flow\" style=\"flex-basis:33.33%\"><div class=\"wp-block-image\">\n<figure class=\"alignright size-full is-resized\"><img loading=\"lazy\" decoding=\"async\" src=\"https:\/\/ur.reigenn.sorbonne-universite.fr\/wp-content\/uploads\/2023\/12\/allemande-3.jpg\" alt=\"\" class=\"wp-image-234\" width=\"223\" height=\"229\" srcset=\"https:\/\/reigenn.sorbonne-universite.fr\/wp-content\/uploads\/2023\/12\/allemande-3.jpg 640w, https:\/\/reigenn.sorbonne-universite.fr\/wp-content\/uploads\/2023\/12\/allemande-3-291x300.jpg 291w\" sizes=\"auto, (max-width: 223px) 100vw, 223px\" \/><\/figure><\/div><\/div>\n<\/div>\n","protected":false},"excerpt":{"rendered":"<p>\u00c9tudes allemandes et autrichiennes Les \u00e9tudes allemandes se subdivisent en trois axes principaux. Le premier privil\u00e9gie les repr\u00e9sentations de type artistique et spectaculaire (th\u00e9\u00e2tre, musique et op\u00e9ra, danse et ballet, iconographie) et leur rapport&#46;&#46;&#46;<\/p>\n","protected":false},"author":5,"featured_media":0,"parent":0,"menu_order":0,"comment_status":"closed","ping_status":"closed","template":"","meta":{"footnotes":""},"class_list":["post-86","page","type-page","status-publish","hentry"],"_links":{"self":[{"href":"https:\/\/reigenn.sorbonne-universite.fr\/index.php?rest_route=\/wp\/v2\/pages\/86","targetHints":{"allow":["GET"]}}],"collection":[{"href":"https:\/\/reigenn.sorbonne-universite.fr\/index.php?rest_route=\/wp\/v2\/pages"}],"about":[{"href":"https:\/\/reigenn.sorbonne-universite.fr\/index.php?rest_route=\/wp\/v2\/types\/page"}],"author":[{"embeddable":true,"href":"https:\/\/reigenn.sorbonne-universite.fr\/index.php?rest_route=\/wp\/v2\/users\/5"}],"replies":[{"embeddable":true,"href":"https:\/\/reigenn.sorbonne-universite.fr\/index.php?rest_route=%2Fwp%2Fv2%2Fcomments&post=86"}],"version-history":[{"count":8,"href":"https:\/\/reigenn.sorbonne-universite.fr\/index.php?rest_route=\/wp\/v2\/pages\/86\/revisions"}],"predecessor-version":[{"id":290,"href":"https:\/\/reigenn.sorbonne-universite.fr\/index.php?rest_route=\/wp\/v2\/pages\/86\/revisions\/290"}],"wp:attachment":[{"href":"https:\/\/reigenn.sorbonne-universite.fr\/index.php?rest_route=%2Fwp%2Fv2%2Fmedia&parent=86"}],"curies":[{"name":"wp","href":"https:\/\/api.w.org\/{rel}","templated":true}]}}

Études allemandes et autrichiennes

<h2 class="wp-block-heading">Études allemandes et autrichiennes</h2>



<p></p>



<div class="wp-block-columns is-layout-flex wp-container-core-columns-is-layout-9d6595d7 wp-block-columns-is-layout-flex">
<div class="wp-block-column is-layout-flow wp-block-column-is-layout-flow" style="flex-basis:66.66%">
<p>Les études allemandes se subdivisent en trois axes principaux. Le premier privilégie les représentations de type artistique et spectaculaire (théâtre, musique et opéra, danse et ballet, iconographie) et leur rapport avec l&rsquo;identité allemande ou germanique, hier et aujourd&rsquo;hui. La question de la plurimédialité et des systèmes sémiotiques est au cœur des réflexions. Le second axe se penche sur l&rsquo;histoire des idées et les transferts culturels intervenus entre l&rsquo;espace germanique et les espaces adjacents, la France en particulier, mais aussi avec l&rsquo;espace nordique, en accordant une importance particulière aux mouvements de recomposition identitaire ayant affecté les sociétés, les savoirs et les cultures. Le troisième axe étudie les modalités de constitution d&rsquo;une identité littéraire et poétique ayant marqué les espaces allemand et autrichien de la Renaissance au XXe siècle, à travers notamment les phénomènes de réception, de médiation et de théorisation, tout en accueillant une réflexion sur le phénomène actuel de « Weltliteratur » et sur les études de « genre ».</p>
</div>



<div class="wp-block-column is-layout-flow wp-block-column-is-layout-flow" style="flex-basis:33.33%"><div class="wp-block-image">
<figure class="alignright size-full is-resized"><img loading="lazy" decoding="async" src="https://ur.reigenn.sorbonne-universite.fr/wp-content/uploads/2023/12/allemande-3.jpg" alt="" class="wp-image-234" width="223" height="229" srcset="https://reigenn.sorbonne-universite.fr/wp-content/uploads/2023/12/allemande-3.jpg 640w, https://reigenn.sorbonne-universite.fr/wp-content/uploads/2023/12/allemande-3-291x300.jpg 291w" sizes="auto, (max-width: 223px) 100vw, 223px" /></figure></div></div>
</div>

<p>Études allemandes et autrichiennes Les études allemandes se subdivisent en trois axes principaux. Le premier privilégie les représentations de type artistique et spectaculaire (théâtre, musique et opéra, danse et ballet, iconographie) et leur rapport&#46;&#46;&#46;</p>
