{"id":92,"date":"2023-12-04T08:24:02","date_gmt":"2023-12-04T08:24:02","guid":{"rendered":"https:\/\/ur.reigenn.sorbonne-universite.fr\/?page_id=92"},"modified":"2024-11-14T14:53:15","modified_gmt":"2024-11-14T14:53:15","slug":"etudes-transversales","status":"publish","type":"page","link":"https:\/\/reigenn.sorbonne-universite.fr\/?page_id=92","title":{"rendered":"\u00c9tudes transversales"},"content":{"rendered":"\n<h2 class=\"wp-block-heading\">\u00c9tudes transversales<\/h2>\n\n\n\n<div class=\"wp-block-columns is-layout-flex wp-container-core-columns-is-layout-9d6595d7 wp-block-columns-is-layout-flex\">\n<div class=\"wp-block-column is-layout-flow wp-block-column-is-layout-flow\" style=\"flex-basis:66.66%\">\n<p>Le sixi\u00e8me axe th\u00e9matique, nouvellement cr\u00e9\u00e9, s&rsquo;intitule \u00ab \u00c9tudes interculturelles: objets, m\u00e9diations, discours \u00bb. Par son orientation d\u00e9lib\u00e9r\u00e9ment transversale et interdisciplinaire, il a vocation \u00e0 accueillir des enseignants-chercheurs repr\u00e9sentant toutes les aires culturelles de l&rsquo;\u00e9quipe REIGENN, et d\u00e9sireux d&rsquo;\u00e9laborer des projets de recherches communs aux \u00e9tudes germanophones, n\u00e9erlandophones et nordiques. Ces projets permettront \u00e9galement de croiser les champs disciplinaires (histoire de la litt\u00e9rature et des arts, histoire des sciences et des savoirs, des th\u00e9ories politiques ou philosophiques, etc.) afin de mieux comprendre les conditions de la circulation transnationale des id\u00e9es, le r\u00f4le des m\u00e9diateurs (artistes, intellectuels et savants, commer\u00e7ants, personnalit\u00e9s politiques\u2026), et l&rsquo;\u00e9mergence de discours identitaires en lien \u00e9troit avec une repr\u00e9sentation de Soi et de l&rsquo;Autre. L&rsquo;objectif est de d\u00e9passer la notion peu op\u00e9ratoire d\u2019 \u00ab influence \u00bb d\u2019une culture sur une autre, en pensant les relations interculturelles comme ph\u00e9nom\u00e8nes complexes d&rsquo;\u00e9changes et d&rsquo;appropriation s\u00e9lective, de m\u00e9tissages et d&rsquo;hybridation, parfois travers\u00e9s de crises violentes. Il s&rsquo;agira aussi de remettre en question les notions d&rsquo;unit\u00e9 ou d&rsquo;homog\u00e9n\u00e9it\u00e9 de ces espaces, \u00e0 la lumi\u00e8re des bouleversements intervenus mais aussi de la diversit\u00e9 linguistique et culturelle inh\u00e9rente \u00e0 ces espaces.<\/p>\n<\/div>\n\n\n\n<div class=\"wp-block-column is-layout-flow wp-block-column-is-layout-flow\" style=\"flex-basis:33.33%\"><div class=\"wp-block-image\">\n<figure class=\"alignright size-full is-resized\"><img loading=\"lazy\" decoding=\"async\" src=\"https:\/\/ur.reigenn.sorbonne-universite.fr\/wp-content\/uploads\/2023\/12\/transversales-1.jpg\" alt=\"\" class=\"wp-image-238\" width=\"222\" height=\"228\" srcset=\"https:\/\/reigenn.sorbonne-universite.fr\/wp-content\/uploads\/2023\/12\/transversales-1.jpg 640w, https:\/\/reigenn.sorbonne-universite.fr\/wp-content\/uploads\/2023\/12\/transversales-1-291x300.jpg 291w\" sizes=\"auto, (max-width: 222px) 100vw, 222px\" \/><\/figure><\/div><\/div>\n<\/div>\n","protected":false},"excerpt":{"rendered":"<p>\u00c9tudes transversales Le sixi\u00e8me axe th\u00e9matique, nouvellement cr\u00e9\u00e9, s&rsquo;intitule \u00ab \u00c9tudes interculturelles: objets, m\u00e9diations, discours \u00bb. Par son orientation d\u00e9lib\u00e9r\u00e9ment transversale et interdisciplinaire, il a vocation \u00e0 accueillir des enseignants-chercheurs repr\u00e9sentant toutes les aires&#46;&#46;&#46;<\/p>\n","protected":false},"author":5,"featured_media":0,"parent":0,"menu_order":0,"comment_status":"closed","ping_status":"closed","template":"","meta":{"footnotes":""},"class_list":["post-92","page","type-page","status-publish","hentry"],"_links":{"self":[{"href":"https:\/\/reigenn.sorbonne-universite.fr\/index.php?rest_route=\/wp\/v2\/pages\/92","targetHints":{"allow":["GET"]}}],"collection":[{"href":"https:\/\/reigenn.sorbonne-universite.fr\/index.php?rest_route=\/wp\/v2\/pages"}],"about":[{"href":"https:\/\/reigenn.sorbonne-universite.fr\/index.php?rest_route=\/wp\/v2\/types\/page"}],"author":[{"embeddable":true,"href":"https:\/\/reigenn.sorbonne-universite.fr\/index.php?rest_route=\/wp\/v2\/users\/5"}],"replies":[{"embeddable":true,"href":"https:\/\/reigenn.sorbonne-universite.fr\/index.php?rest_route=%2Fwp%2Fv2%2Fcomments&post=92"}],"version-history":[{"count":3,"href":"https:\/\/reigenn.sorbonne-universite.fr\/index.php?rest_route=\/wp\/v2\/pages\/92\/revisions"}],"predecessor-version":[{"id":295,"href":"https:\/\/reigenn.sorbonne-universite.fr\/index.php?rest_route=\/wp\/v2\/pages\/92\/revisions\/295"}],"wp:attachment":[{"href":"https:\/\/reigenn.sorbonne-universite.fr\/index.php?rest_route=%2Fwp%2Fv2%2Fmedia&parent=92"}],"curies":[{"name":"wp","href":"https:\/\/api.w.org\/{rel}","templated":true}]}}

Études transversales

<h2 class="wp-block-heading">Études transversales</h2>



<div class="wp-block-columns is-layout-flex wp-container-core-columns-is-layout-9d6595d7 wp-block-columns-is-layout-flex">
<div class="wp-block-column is-layout-flow wp-block-column-is-layout-flow" style="flex-basis:66.66%">
<p>Le sixième axe thématique, nouvellement créé, s&rsquo;intitule « Études interculturelles: objets, médiations, discours ». Par son orientation délibérément transversale et interdisciplinaire, il a vocation à accueillir des enseignants-chercheurs représentant toutes les aires culturelles de l&rsquo;équipe REIGENN, et désireux d&rsquo;élaborer des projets de recherches communs aux études germanophones, néerlandophones et nordiques. Ces projets permettront également de croiser les champs disciplinaires (histoire de la littérature et des arts, histoire des sciences et des savoirs, des théories politiques ou philosophiques, etc.) afin de mieux comprendre les conditions de la circulation transnationale des idées, le rôle des médiateurs (artistes, intellectuels et savants, commerçants, personnalités politiques…), et l&rsquo;émergence de discours identitaires en lien étroit avec une représentation de Soi et de l&rsquo;Autre. L&rsquo;objectif est de dépasser la notion peu opératoire d’ « influence » d’une culture sur une autre, en pensant les relations interculturelles comme phénomènes complexes d&rsquo;échanges et d&rsquo;appropriation sélective, de métissages et d&rsquo;hybridation, parfois traversés de crises violentes. Il s&rsquo;agira aussi de remettre en question les notions d&rsquo;unité ou d&rsquo;homogénéité de ces espaces, à la lumière des bouleversements intervenus mais aussi de la diversité linguistique et culturelle inhérente à ces espaces.</p>
</div>



<div class="wp-block-column is-layout-flow wp-block-column-is-layout-flow" style="flex-basis:33.33%"><div class="wp-block-image">
<figure class="alignright size-full is-resized"><img loading="lazy" decoding="async" src="https://ur.reigenn.sorbonne-universite.fr/wp-content/uploads/2023/12/transversales-1.jpg" alt="" class="wp-image-238" width="222" height="228" srcset="https://reigenn.sorbonne-universite.fr/wp-content/uploads/2023/12/transversales-1.jpg 640w, https://reigenn.sorbonne-universite.fr/wp-content/uploads/2023/12/transversales-1-291x300.jpg 291w" sizes="auto, (max-width: 222px) 100vw, 222px" /></figure></div></div>
</div>

<p>Études transversales Le sixième axe thématique, nouvellement créé, s&rsquo;intitule « Études interculturelles: objets, médiations, discours ». Par son orientation délibérément transversale et interdisciplinaire, il a vocation à accueillir des enseignants-chercheurs représentant toutes les aires&#46;&#46;&#46;</p>
